(-16 + 10 + -6 - -6) + -1?
-7
(2 - 0) + (1 - 8)
-5
Evaluate 5 + 4 + -14 + (3 - 0).
-2
What is -2 + 6 + -3 + -7 + 1?
-5
Evaluate 8 + (0 + 2 - 6).
4
3 - (1 + -5 - (-3 - 2))
2
Calculate -7 - (3 - (-5 - -7)).
-8
What is the value of -1 + 1 + 4 + -6 - -4?
2
Calculate 10 + 1 + (-3 - 1) - 2.
5
-1 + -2 - (-10 - -4)
3
What is the value of (-2 - 5 - (0 + -4)) + 4?
1
Evaluate (-14 - -21) + (3 + -4 - 11).
-5
(-9 - -1) + -17 + 17
-8
-9 + (-1 - (-8 + 3))
-5
Calculate (3 - 9) + 5 + 1 + -4.
-4
What is the value of -4 + (2 + 2 - 3)?
-3
Evaluate (2 - (1 - -4)) + -3 + 1.
-5
What is the value of (1 - (2 + -6)) + 23 + -21?
7
Evaluate 3 - (1 - 2 - -2) - -1.
3
Calculate 1 + (8 - (19 + -8)).
-2
What is the value of 3 - (3 + 6 + -5)?
-1
Calculate -13 + 1 + -2 + 5 + 0.
-9
Calculate -3 + 3 + 0 + 1 + 4.
5
(-8 - 0) + 13 + -25 + 13
-7
What is the value of 7 - (14 + -1 + -6)?
0
What is the value of -3 + -1 + 3 + 6?
5
2 + (-4 + 2 - 3) - -3
0
(-2 - 2) + (-13 - (-7 + -4))
-6
-2 + 2 + 4 - 8
-4
What is the value of -2 + -3 + (-1 + 1 - -10)?
5
(3 - 10) + 5 + -1
-3
What is the value of -4 - (-1 + (-4 - -6))?
-5
What is the value of (2 - (-1 + 3) - 2) + 6?
4
What is 2 + -3 + -9 + 6?
-4
Calculate -2 + 14 - 6 - 7.
-1
What is 0 - (3 - 5) - -3?
5
What is -2 - -3 - (2 - (-5 - -11))?
5
What is the value of (-11 - 4) + -2 + 10?
-7
2 - (3 - (1 + 8 + -4))
4
Calculate -4 - (-2 + -2 + 5) - -7.
2
Calculate -20 + 13 + 14 + -2.
5
Evaluate 0 + -1 - (9 + -9).
-1
What is 1 - -2 - (18 - 12)?
-3
Calculate -2 - (4 + -3 - -3 - 2).
-4
Evaluate 6 - (-7 + 5) - 12.
-4
(0 + (-4 - -3) - -2) + -4
-3
What is -20 + 9 - (-8 + -8)?
5
What is the value of 1 - -4 - (-3 + 11)?
-3
-13 - (12 + -12) - -17
4
Evaluate -19 + 9 - -11 - (0 - 3).
4
What is -69 + 65 + (0 - 1) + 5?
0
What is the value of (-1 + -7 - 1) + 4?
-5
What is the value of 12 + (-3 - 3) + -7 - -4?
3
Evaluate (3 - 14) + 4 + 1.
-6
Evaluate (-49 - -41) + 1 + 10.
3
Calculate 2 + 0 + -9 - (5 + -14).
2
5 - (11 + -8 + 5)
-3
What is (-6 + -8 - -3) + 6?
-5
-3 + -2 + (6 - -1 - 3)
-1
What is (-9 - 1) + (4 - (-1 + 2))?
-7
What is (-1 - (1 - -1) - -3) + -5?
-5
(3 - 3 - -1 - 3) + -2
-4
What is -4 + 4 + -11 - -10?
-1
(3 - 6) + (0 - 2) + 0
-5
Evaluate -23 + 15 + (6 - 1).
-3
9 - (-3 + 7) - (-4 + 11)
-2
(0 - 6 - 3) + 6 + 1
-2
What is -6 + (-1 - (-2 + 3 - 4))?
-4
What is the value of 5 - 8 - (2 + -6)?
1
-1 + (-6 - (-3 - (-6 + 5)))
-5
Evaluate (1 + 0 - (31 - 32)) + -5.
-3
Evaluate 1 - (11 - 7 - 3).
0
9 + -7 - (-3 + -2)
7
What is 0 + 8 + -9 + 5?
4
-14 - -5 - -6 - (0 - 9)
6
What is 3 - (0 - (-2 - -2)) - -2?
5
Evaluate 3 + -1 + 1 + -1 - 1.
1
What is the value of -1 + -1 + 4 + -3 + 0?
-1
Calculate 2 + 1 + -4 + 8 + 2.
9
Evaluate 4 - (10 + (-8 - 0)) - 4.
-2
What is the value of 11 - 18 - (-6 + (5 - 3))?
-3
Calculate 4 - (-8 + 4 + 9).
-1
What is the value of -2 - (-3 - (-19 - -11))?
-7
Evaluate -10 + 1 + (117 - 115).
-7
What is (-2 + -11 - (0 - 3)) + 5?
-5
What is -9 + (43 - 37 - (9 + -1))?
-11
What is 1 + 1 + -5 - (0 + -9)?
6
Evaluate (-1 - 5) + 8 - -1.
3
What is the value of -2 + (3 - 7) + -3 + 5?
-4
1 - (-7 + 9 - (1 + -2))
-2
Calculate 1 + -1 + (-6 - -1).
-5
Evaluate -1 + (-9 + 5 - -3).
-2
Calculate (-11 - -17) + (-1 - -1 - 5).
1
Evaluate 3 + -1 + (-2 - 4 - -4).
0
Evaluate -3 + -4 - -3 - 1.
-5
Calculate (-16 - -15) + (0 - 3) + 7.
3
Evaluate -12 - (-4 + (7 - 12)).
-3
Calculate -7 + (5 - -1 - -3) + 8.
10
33 + -40 + (0 - -3)
-4
What is 6 - (5 - (5 - -3 - 6))?
3
Calculate (4 - -2) + -2 + 2.
6
What is 0 + (0 - -2) + (1 - 0)?
3
Calculate 0 + (-3 - (-2 + (3 - 1))).
-3
What is -27 + 36 - (9 - -1)?
-1
Evaluate 3 + -1 + (-2 + 1 - 6).
-5
Calculate 0 - (11 - (4 - 2)) - -4.
-5
What is the value of 1 - (-3 + 5 - 4)?
3
What is -5 - (8 + 0 + -11)?
-2
4 + 0 - (-4 + 3)
5
Calculate -1 + (13 + 4 + -3 - 6).
7
What is the value of (-7 - (-5 - 0)) + -1?
-3
2 + -4 + 6 - 6
-2
-13 + (-6 - 0) + 28
9
What is the value of 3 - 5 - (-3 - -7)?
-6
-3 + 7 + -3 - 3
-2
Calculate 10 + 2 - 6 - (9 + -1).
-2
What is 170 + -168 + (0 - 8)?
-6
0 + 2 + 17 + -12 - 4
3
(33 + -46 - (-8 - 0)) + 4
-1
Calculate -2 - -4 - -2 - 3.
1
-1 + (7 - (-5 - -14))
-3
What is 4 + 4 + -3 + (-1 - 1)?
3
Evaluate -1 + 14 - (-21 - -29).
5
What is -3 + 2 + 3 + 3?
5
-1 + 3 + -35 + 30
-3
What is the value of -3 + (9 - 0) + (23 - 28)?
1
-5 + (10 - (5 - 3)) + -9
-6
Calculate -9 + 2 + (4 - 4 - -4).
-3
What is the value of -2 + -3 + -4 - -6?
-3
What is -5 + 3 + -3 + 9?
4
What is the value of -4 + 9 - (1 - -2)?
2
What is the value of (5 - -2) + -8 + 7?
6
Calculate 8 + (-9 - (-9 - -4)).
4
Evaluate (5 + -8 - -1) + 7 - 0.
5
What is 0 + (0 - 8) + 4?
-4
What is 11 + (-3 - 1) + -5 + 0?
2
Calculate 2 - (10 - 1 - 5).
-2
What is the value of (-3 + 2 - 1) + 6?
4
What is 17 + -7 + (-13 - -1)?
-2
What is the value of -4 - (-5 + -3) - 0 - 1?
3
Calculate 0 + (5 - 3 - (0 + 2)).
0
What is the value of (-4 - -5 - -4) + (-8 - -4)?
1
What is 0 - 6 - (-35 + 23)?
6
Calculate (-1 - -1) + 1 + 3.
4
7 - (12 + -12) - -2
9
Calculate 0 + 6 + -5 + 1 + -2.
0
What is 1 + -3 + (-3 - -3)?
-2
What is -3 + 0 + (-4 - -5)?
-2
Evaluate -3 - ((-3 - 5) + 8 + -6).
3
Evaluate -6 + 10 + -2 + -5.
-3
Evaluate (-2 - -1 - 2) + -2 + 6.
1
Calculate 2 - ((-4 - (-8 + 0)) + 0).
-2
-4 - (4 + -10) - -3
5
What is the value of -5 - 1 - (-7 + 7) - 3?
-9
1 - (-3 + 11) - -4 - 2
-5
Evaluate -1 - -4 - 3 - (9 - 3).
-6
Calculate 1 + -3 - (7 + -5 + -2).
-2
What is 1 + (3 - 4) + 0?
0
(1 - (5 + -7)) + (-2 - -1)
2
What is the value of 4 + (3 - -1) + -10?
-2
Evaluate 3 - (-2 - (-4 + 3)).
4
What is the value of (-1 - -2) + -13 + 6?
-6
What is the value of -3 + (-1 - (-3 - 3))?
2
Calculate 3 + 0 + (4 - 3).
4
Calculate 25 + -24 - (-2 + 1 - -1).
1
0 - (1 + -4) - (0 + 2)
1
Calculate 0 + (-3 - (-6 - (-3 - 2))).
-2
What is -1 + -1 + 2 + -2 + 6?
4
Evaluate -7 + (-1 - 0 - (-19 - -15)).
-4
Calculate -7 + 9 + (-1 + 0 - 6).
-5
What is -1 - 2 - (0 + -2 - 1)?
0
Evaluate (0 - -12) + -11 + 7.
8
0 + 2 + 3 + -7
-2
What is the value of 3 - (-7 - (0 + -3)) - 14?
-7
(5 - 8) + 11 + -3
5
Evaluate 6 + (1 - 7) + -5.
-5
What is the value of (5 - 3) + -3 - -1?
0
What is the value of (-79 - -85) + -12 + 1?
-5
5 - (-9 - -6) - 3 - -2
7
4 - (1 + -2 - -4 - 1)
2
What is 3 + -6 + 3 + -1 + 0?
-1
What is the value of 1 + -8 + (5 - -3)?
1
Calculate (-4 - (3 + -7)) + -2 + 0.
-2
Calculate (6 - (8 - (-1 + 1))) + 2.
0
What is 12 + -4 + (-4 - 3) + 1?
2
What is 4 - (5 - (-1 - (1 + -8)))?
5
Calculate -18 - (-1 + -21 + 11).
-7
What is the value of -7 + 0 - (-19 - -3) - 4?
5
Calculate -2 + 2 + -5 - (4 + -7).
-2
What is (-4 - -2) + -12 + 11 - 0?
-3
Evaluate (14 - 7) + -5 + -1.
1
Evaluate -4 - -1 - 1 - (47 + -47).
-4
What is -2 + -3 + 0 - -3?
-2
What is -8 - (-2 - (2 + 0))?
-4
What is the value of 0 - (4 + (10 - 0 - 7))?
-7
Calculate -3 + (1 - 4 - (0 + -1)).
-5
Calculate (2 + -3 - -1 - 0) + -1.
-1
Calculate -1 - -2 - (17 + (-10 - 10)).
4
Evaluate (-36 - -55) + -4 + -6.
9
Calculate 2 - (3 + 2 + 6 + -8).
-1
Evaluate -15 + 7 + 15 - 12.
-5
What is the value of 9 + (-5 - (0 + -1)) - 6?
-1
Evaluate (7 + -6 - 2) + 0 + 0.
-1
What is the value of 0 + 5 - (114 + -114)?
5
Evaluate 0 + (-7 - -6) - 0.
-1
Calculate (-5 + 4 - 1 - 1) + 3.
0
What is the value of -4 - 1 - -8 - 11 - -5?
-3
Calculate -11 - 10 - (-16 + 2).
-7
-1 - 4 - (-10 + 4 + 1)
0
(-57 + 60 - (1 - 15)) + -8
9
Evaluate 1 - (-9 - -5 - -3).
2
What is the value of (-11 + 7 - (-2 + 7)) + 5?
-4
What is (-1 - 1) + (-2 - -7 - 5)?
-2
Evaluate -3 - -14 - (-7 + 12).
6
What is -3 - (-1 - 8 - -6)?
0
-6 + (-13 - -11 - (-1 + -9))
2
What is the value of 5 - (-2 - 2) - 4?
5
What is (8 - 1) + (-16 - -6)?
-3
4 - ((-1 - 8) + 19)
-6
-1 - -1 - (10 + -9) - 3
-4
What is the value of (0 - 3) + 3 - -3?
3
Calculate 1 + 1 - (-5 + 5).
2
What is the value of -2 + -1 + (2 - (-6 + -3))?
8
Evaluate 2 - (14 - 18 - -8).
-2
Evaluate 8 - 0 - (-139 + 136).
11
Evaluate 2 - (-12 - (-2 - 6)).
6
What is the value of -3 + 4 + (1 - 7)?
-5
Calculate 3 - (4 + -9 - -9).
-1
4 + (0 - (-1 - -2))
3
What is the value of (-5 - -14) + -9 - 1?
-1
What is the value of -3 + (-8 - -4) + (-1 - -5)?
-3
Calculate -1 + 10 + 15 + -19 - 8.
-3
What is -8 - -9 - (0 - -3) - -1?
-1
1 - -1 - (11 + (-3 - 1))
-5
What is the value of 3 + 0 - (13 - 11)?
1
Calculate (-3 - -6) + 1 + (-3 - -4).
5
-8 - -9 - (-2 + -1 - -1)
3
Evaluate (-7 - -8) + 1 + 1 + -1.
2
Calculate 1 + 2 + 8 + -13 + 